*n + 53 = -p, -2*n - m*n + 74 = -2*p. Suppose -2381 = -n*v + 3. What is the tens digit of v?
4
Suppose 3*d = -2*o - 3*o + 85, 51 = 3*o + 5*d. Let x(t) = -t**3 + 20*t**2 + 6*t + 48. What is the tens digit of x(o)?
1
Let s(q) = q**3 + q**2 + 2*q + 104. Let z(o) = o**3 - 15*o**2 + 14*o. Suppose 2*t + 6*t = 112. Let n be z(t). What is the hundreds digit of s(n)?
1
What is the ten thousands digit of 27329 + -18 + (-13 - -10) + 10?
2
Let n(h) = 4*h**2 - 4*h + 12. Let a be 9/(-1*(5 - (9 - 5))). What is the units digit of n(a)?
2
Suppose 0 = 5*g - 10, 4*b + 2*g + 20 = 7*b. Suppose -667 = -b*m + 7*m + 3*l, -3*m + l + 1985 = 0. What is the tens digit of m?
6
Suppose -n + 2*f = 0, -2*n - f = -3*f. Suppose n = -s - 2*s + 1428. Suppose 0 = -4*r + 752 + s. What is the hundreds digit of r?
3
Let r(f) = f**2 + 6*f - 2. Let n be r(-7). Let d(o) = 13*o**2 - 6*o + 11. What is the tens digit of d(n)?
0
Let s(i) = i**3 + 4*i**2 - i + 2. Let b be s(-4). Let x be (-2)/4*0/b. Suppose x = -n + 110 - 23. What is the units digit of n?
7
Suppose -27*n - 251 = 1207. Suppose 2*z - 44 = -8. What is the tens digit of (n/(-4))/(9/z)?
2
Let b(y) = 3*y + 1. Let n(p) = -5*p - 405. Let s(m) = 2*b(m) - n(m). What is the tens digit of s(35)?
9
Let g = 28952 - -1917. What is the ten thousands digit of g?
3
Let w(o) = 25*o - 143. Let i be w(38). Suppose 0 = -y + 1540 - i. What is the hundreds digit of y?
7
Let y = -357 - -772. Suppose -5*l + 60 - y = 0. Let a = l - -87. What is the tens digit of a?
1
Let n(c) = c + 2. Let h be n(-12). Let d(l) = l**2 + 16*l + 112. What is the tens digit of d(h)?
5
Let f(m) = -4*m**3 - 5*m**2 + 5*m - 13. Suppose -51 - 57 = 18*w. What is the units digit of f(w)?
1
Let b = -64 + 65. Let q be 3 + -1 + b + (-4)/(-2). Suppose 0 = h - 3*h + 2, 3*f - 115 = q*h. What is the units digit of f?
0
Let z be (2*4)/(-4*(-2)/56). Let y be z/8*(-2 + -1). What is the hundreds digit of (60/y)/(12/(-1218))?
2
Suppose t = -3*f + 1197, 1197 = 3*f + 4*t - t. Suppose -6*o + f = 111. What is the tens digit of o?
4
Suppose -5*i = 4*q - 56213, -5*i + 103*q - 99*q = -56157. What is the hundreds digit of i?
2
Let b(j) = j**2 + 28*j - 46. What is the units digit of b(37)?
9
Let h(g) = 3*g**2 + 70*g + 63. Let o be h(-25). Let j be 0/4 + (-2 - 87). Let z = j + o. What is the tens digit of z?
9
Suppose 0 = 5*p - 7 - 23. Let c = 4098 + -4089. Suppose c*n = p*n + 405. What is the hundreds digit of n?
1
Suppose -20*a + 37787 = 5*o - 17*a, a - 30224 = -4*o. What is the units digit of o?
5
Let j(k) = -35*k**2 + 23502. What is the hundreds digit of j(0)?
5
Let h(l) be the first derivative of 3*l**2/2 + 52*l + 32. Let k be h(-19). What is the hundreds digit of 189 - (k + 2 + 5)?
1
Suppose -10*z + 44 = -16. Suppose -5*y + z*y = 1103. What is the units digit of y?
3
Suppose 0 = 43*j - 39*j - 43492. What is the hundreds digit of j?
8
What is the hundreds digit of (18/(-4))/((-84)/8456)?
4
Suppose 5*j = -4*i + 6*i + 2331, -2*j - i = -927. What is the hundreds digit of j?
4
Let i(g) = -4*g**3 + 5*g**2 + 3*g + 1. Let q be i(-2). Suppose -2*b = -4*o - 169 - q, -5*b = o - 584. What is the units digit of b?
6
Let j(n) = n**2 - n - 9. Let r be j(3). Let d(h) = -5*h - 5. Let i be d(r). Suppose 0 = -i*x + 706 + 664. What is the units digit of x?
7
Suppose 0 = 136*x + 2558319 - 10023903. What is the thousands digit of x?
4
Let w be 1/((-5)/8290*-2). Let m = w - 503. What is the units digit of m?
6
Let b(r) = 5429*r + 7263. What is the tens digit of b(14)?
6
Let m(r) = -2*r**3 + 1 + 0*r**2 - 8 + 3*r**2 + 22*r**2 + 2*r. What is the units digit of m(11)?
8
Let b(p) = p**2 - p - 2. Let v(l) = 11*l + 22. Let s(a) = 3*b(a) - v(a). What is the hundreds digit of s(-10)?
4
Suppose g = 3*g - 3*g. Suppose g = -x - r + 411, x + 431 = 2*x - 3*r. What is the units digit of x?
6
Let b(n) = -2278*n - 6126. What is the tens digit of b(-29)?
3
Suppose 0*o + 16 = 4*o + 4*s, -2*s = 4*o - 16. Suppose -3*l - 724 = -o*t, -5*l + 744 = 4*t - 3*l. What is the units digit of t?
4
Suppose 4*b + 3*f = 3730, 5*b - 2*f = b + 3740. Let j = b + -116. What is the units digit of j?
8
Suppose -89 = 4*n - 109. Suppose 4*m - 1995 = -n*b, 20 = 3*m - 7*m. What is the hundreds digit of b?
4
Let v(o) = -2*o**2 + 43. Let l be v(-10). Let b be ((-15)/3 - -2) + (l - 8). Let y = 350 + b. What is the hundreds digit of y?
1
Let s = 3415 + -3411. Let l(w) be the first derivative of 51*w**2/2 - 15*w + 1. What is the tens digit of l(s)?
8
Suppose 0 = -12*d - 5*d + 102. Suppose 3*t = d*t - 1611. What is the tens digit of t?
3
Let m(f) = -f**3 + 4*f**2 + 2*f - 6. Let k be m(4). Let a be k - 3/(9/(-3)). Suppose 3*d + d - 4*v = 452, -335 = -a*d + v. What is the units digit of d?
1
Let f = 4910 + -2527. What is the tens digit of f?
8
Suppose -36*b = -41*b - 2*m + 13543, 4*m = -3*b + 8137. What is the units digit of b?
7
Let d = -4591 + 7960. What is the thousands digit of d?
3
Suppose -x + 24 = -4*s, 3*x - 95 = -2*x - 5*s. Let f(r) = -14 - x*r + 8*r**2 + 3*r**3 + 4*r**3 + 7*r - 6*r**3. What is the units digit of f(-8)?
0
What is the thousands digit of (-18)/72 + (-25)/(-36) - (-236320)/45?
5
Suppose -35*q = -23*q - 48. Let o(u) = 2*u**3 + 3*u**2 - 6*u - 4. Let y be o(-4). What is the tens digit of y/(-5) + 12/q?
1
Let k be ((2 - 1) + 4)*140/25. Suppose i + k = 171. Let z = -16 + i. What is the tens digit of z?
2
Let i = -5105 - -5207. Let o be 2 - ((-2 - 2) + 2). Suppose o*u - 3*u = i. What is the units digit of u?
2
Let u be 10/6 - 295/177. Let i(a) = -a**2 + 31*a + 1116. What is the tens digit of i(u)?
1
Let v = 7889 - 3051. What is the hundreds digit of v?
8
Let m(w) = -2*w**3 - 46*w**2 - 39*w + 219. What is the units digit of m(-28)?
1
Suppose -2*x - 138 = 5*r - 1765, r - 5 = 0. What is the hundreds digit of x?
8
Let o(f) = -f - 26. Let r be o(-21). Let j = 0 - r. Suppose q = j + 73. What is the units digit of q?
8
Let t = -42 + 40. Let w be 36/3*t/(-3)*5. Let q = w + -23. What is the tens digit of q?
1
Let w = 782 - -259. Suppose -3*p + w = -11*a + 8*a, 3*a = -2*p + 719. What is the hundreds digit of p?
3
Suppose 9*o - 3*i - 4 = 5*o, -3*i - 16 = 2*o. What is the hundreds digit of (o/5)/((-4)/(-10)) + 943?
9
Suppose 15*q - 7*q = 424. Suppose -q - 139 = -d. What is the hundreds digit of d?
1
Suppose -7*p = -11328 - 1412. Suppose 2*f - 4*f = -5*d + p, d + f = 371. What is the hundreds digit of d?
3
Let o(f) = -112*f - 50. Let u be o(-2). Suppose 463 = p + u. What is the hundreds digit of p?
2
Let u be (1 - 9/12) + 15/4. Let o be u - ((-4)/5)/((-10)/(-25)). What is the units digit of (134/o)/((-9)/(-27))?
7
Let h(n) = 2*n + 13. Let z be h(-6). Let c be (-3)/3*(z + -3). Suppose y - 3 = v, -c*y = 4*v - v + 4. What is the units digit of y?
1
Suppose -33*m + 10*m = 437. Let q(o) = -o**2 - 24*o + 14. What is the units digit of q(m)?
9
Let c(f) = f**3 + 2*f**2 + 16*f + 92. Let p be c(12). Suppose 468 = s + 2*v, v + p = 5*s + 3*v. What is the hundreds digit of s?
4
Let y = 2605 + 9818. What is the hundreds digit of y?
4
Let p(m) be the first derivative of 41*m**2/2 + 554*m - 35. What is the hundreds digit of p(0)?
5
Let j(f) be the second derivative of -777*f**5/20 - 7*f**4/12 - 5*f**3/6 + f**2/2 - 4*f + 5. What is the tens digit of j(-1)?
7
Let f(j) = -39*j**2 - 3*j + 29. Let l(b) = -36*b**2 - 3*b + 29. Let g(r) = 6*f(r) - 7*l(r). What is the units digit of g(-7)?
2
Suppose 29*o = 11*o - 11777 + 132071. What is the hundreds digit of o?
6
What is the hundreds digit of (18*998)/(62/(-124)*3*-1)?
9
Suppose 5*o + 307 = -3*l, 525 = -5*l - 0*o + 5*o. Let w = l + 238. What is the units digit of w?
4
Let d(q) = -7*q - 12. Let y be d(3). Let c = 25 - y. Let n = c - -32. What is the tens digit of n?
9
Suppose 0 = -4*t - 4*o + 294 + 10702, -8239 = -3*t - o. What is the units digit of t?
5
Let i(b) = 6*b**3 - 351*b**2 + 32*b + 144. What is the units digit of i(61)?
1
Let s(h) = 370*h - 2294. What is the thousands digit of s(17)?
3
Let x(y) = y**3 + y**2 - 4*y. Let b be x(-4). Let l be 8 + b/4 + 4. Suppose -l*r + 484 = 7*r. What is the units digit of r?
4
Suppose -g + 24 = -7*o + 2*o, 2*o + 51 = 5*g. What is the units digit of g/15 + 2 + 25512/30?
3
What is the hundreds digit of (3 + (-91)/26)/(4/(-72008))?
0
Let v = 131 - -199. Suppose -g + v - 177 = 0. What is the hund